{"id":2633,"date":"2022-05-31T05:13:13","date_gmt":"2022-05-31T05:13:13","guid":{"rendered":"http:\/\/localhost\/optcare\/?page_id=2633"},"modified":"2025-07-01T14:55:40","modified_gmt":"2025-07-01T14:55:40","slug":"laser-eye-surgery","status":"publish","type":"page","link":"https:\/\/drchamadaoudi.com\/ar\/laser-eye-surgery\/","title":{"rendered":"D\u00e9pistage et traitement"},"content":{"rendered":"<div data-elementor-type=\"wp-page\" data-elementor-id=\"2633\" class=\"elementor elementor-2633\">\n\t\t\t\t\t\t<section class=\"elementor-section elementor-top-section elementor-element elementor-element-798c8da8 elementor-section-boxed elementor-section-height-default elementor-section-height-default\" data-id=\"798c8da8\" data-element_type=\"section\">\n\t\t\t\t\t\t<div class=\"elementor-container elementor-column-gap-default\">\n\t\t\t\t\t<div class=\"elementor-column elementor-col-33 elementor-top-column elementor-element elementor-element-2af9e35d\" data-id=\"2af9e35d\" data-element_type=\"column\">\n\t\t\t<div class=\"elementor-widget-wrap elementor-element-populated\">\n\t\t\t\t\t\t<div class=\"elementor-element elementor-element-09c81b9 elementor-widget elementor-widget-optcare_sidebar_categories\" data-id=\"09c81b9\" data-element_type=\"widget\" data-widget_type=\"optcare_sidebar_categories.default\">\n\t\t\t\t<div class=\"elementor-widget-container\">\n\t\t\t\t\t\t\t\n        <section class=\"\">\n\t\t\t<div class=\"col-lg-12 col-md-12 col-sm-12 sidebar-side\">\n\t\t\t\t<div class=\"service-sidebar mr_40\">\n\t\t\t\t\t<div class=\"text\">\n\t\t\t\t\t\t<h3>\u0627\u0644\u062a\u062e\u0635\u0635<\/h3>\n\t\t\t\t\t\t<p><\/p>\n\t\t\t\t\t<\/div>\n\t\t\t\t\t<ul class=\"category-list clearfix\">\n\t\t\t\t\t\n\t\t\t\t\t\t\t\n\t\t\t\t\t\t\t\t\t\t\t\t<li class=\"translation-block\"><span style=\"color:white\">\u0627\u0644\u062c\u0631\u0627\u062d\u0629 \u0627\u0644\u0627\u0646\u0643\u0633\u0627\u0631\u064a\u0629<\/span><\/li>\n\t\t\t\t\t\t\t\t\t\t\t\t\t\t\n\t\t\t\t\t\t\t\t\t\t\t\t<li><a href=\"\/ar\/pediatric-ophthalmology\/\">\u0627\u0644\u0642\u0631\u0646\u064a\u0629 \u0627\u0644\u0645\u062e\u0631\u0648\u0637\u064a\u0629<\/a><\/li>\n\t\t\t\t\t\t\t\t\t\t\t\t\t\t\n\t\t\t\t\t\t\t\t\t\t\t\t<li class=\"translation-block\"><span style=\"color:white\"> \u062c\u0631\u0627\u062d\u0629 \u0627\u0644\u0633\u0627\u062f <\/span><\/li>\n\t\t\t\t\t\t\t\t\t\t\t\t\t\t\n\t\t\t\t\t\t\t\t\t\t\t\t\n\t\t\t\t\t\t<li><a href=\"\/ar\/laser-eye-surgery\/\" class=\"current\">D\u00e9pistage et traitement des troubles visuels chez l\u2019enfant\n<\/a><\/li>\n\t\t\t\t\t\t\t\t\t\t\n\t\t\t\t\t\t\t\t\t\t\t\t\t\n\t\t\t\t\t\t\t\t\t\t\t\t<li><a href=\"\/ar\/suivi-des-pathologies\/\">\u0645\u062a\u0627\u0628\u0639\u0629 \u0623\u0645\u0631\u0627\u0636 \u0627\u0644\u0639\u064a\u0646<\/a><\/li>\n\t\t\t\t\t\t\t\t\t\t\t\t\t\t\t\t\t\t\t\n\t\t\t\t\t<\/ul>\n\t\t\t\t<\/div>\n\t\t\t<\/div>\n        <\/section>\n\t\t\t \n\t\t\t\t\t\t<\/div>\n\t\t\t\t<\/div>\n\t\t\t\t\t<\/div>\n\t\t<\/div>\n\t\t\t\t<div class=\"elementor-column elementor-col-66 elementor-top-column elementor-element elementor-element-4306b450\" data-id=\"4306b450\" data-element_type=\"column\">\n\t\t\t<div class=\"elementor-widget-wrap elementor-element-populated\">\n\t\t\t\t\t\t<div class=\"elementor-element elementor-element-960408f elementor-widget elementor-widget-optcare_service_one\" data-id=\"960408f\" data-element_type=\"widget\" data-widget_type=\"optcare_service_one.default\">\n\t\t\t\t<div class=\"elementor-widget-container\">\n\t\t\t\t\t        <section class=\"\">\n\t\t\t<div class=\"col-lg-12 col-md-12 col-sm-12 content-side\">\n\t\t\t\t<div class=\"service-details-content\">\n\t\t\t\t\t<div class=\"content-one\">\n\t\t\t\t\t\t<div class=\"text\">\n\t\t\t\t\t\t\t<h2>D\u00e9pistage et traitement des troubles visuels chez l\u2019enfant<\/h2>\n\t\t\t\t\t\t\t<p>Une bonne vision est essentielle au d\u00e9veloppement global de l\u2019enfant, tant sur le plan scolaire que moteur et social. C\u2019est pourquoi un d\u00e9pistage pr\u00e9coce des troubles visuels est primordial d\u00e8s le plus jeune \u00e2ge, m\u00eame en l\u2019absence de plainte apparente.\nLes affections les plus fr\u00e9quentes chez l\u2019enfant sont :\nL\u2019amblyopie (\u0153il paresseux)\n\n\nLe strabisme (d\u00e9faut d\u2019alignement des yeux)\n\n\nLa myopie, l\u2019hyperm\u00e9tropie et l\u2019astigmatisme\n\n\nCertaines anomalies cong\u00e9nitales ou g\u00e9n\u00e9tiques\n\n\nUn examen ophtalmologique adapt\u00e9 \u00e0 l\u2019\u00e2ge permet de d\u00e9tecter ces anomalies d\u00e8s la maternelle ou avant, id\u00e9alement avant 4 \u00e0 6 ans, p\u00e9riode durant laquelle le traitement est le plus efficace.\nLe traitement peut inclure le port de lunettes correctrices, une r\u00e9\u00e9ducation visuelle (orthoptie), un traitement de l\u2019amblyopie par occlusion de l\u2019\u0153il dominant, ou encore une intervention chirurgicale dans certains cas de strabisme.\nUne prise en charge rapide am\u00e9liore consid\u00e9rablement le pronostic visuel et \u00e9vite des troubles persistants \u00e0 l\u2019\u00e2ge adulte.\n<\/p>\n\t\t\t\t\t\t\t<p><\/p>\n\t\t\t\t\t\t<\/div>\n\t\t\t\t\t<\/div>\n\t\t\t\t<\/div>\n\t\t\t<\/div>\n        <\/section>\n\t\t\t \n\t\t\t\t\t\t<\/div>\n\t\t\t\t<\/div>\n\t\t\t\t<div class=\"elementor-element elementor-element-589c46d1 elementor-widget elementor-widget-image\" data-id=\"589c46d1\" data-element_type=\"widget\" data-widget_type=\"image.default\">\n\t\t\t\t<div class=\"elementor-widget-container\">\n\t\t\t\t\t\t\t\t\t\t\t\t\t\t\t<img decoding=\"async\" src=\"http:\/\/localhost\/optcare\/wp-content\/uploads\/2022\/05\/service-12.jpg\" title=\"\" alt=\"\" loading=\"lazy\" \/>\t\t\t\t\t\t\t\t\t\t\t\t\t\t\t<\/div>\n\t\t\t\t<\/div>\n\t\t\t\t\t<\/div>\n\t\t<\/div>\n\t\t\t\t\t<\/div>\n\t\t<\/section>\n\t\t\t\t<\/div>\n\t\t\n    <div class=\"xs_social_share_widget xs_share_url after_content \t\tmain_content  wslu-style-1 wslu-share-box-shaped wslu-fill-colored wslu-none wslu-share-horizontal wslu-theme-font-no wslu-main_content\">\n\n\t\t\n        <ul>\n\t\t\t        <\/ul>\n    <\/div>","protected":false},"excerpt":{"rendered":"<p>Sp\u00e9cialit\u00e9 Chirurgie r\u00e9fractive K\u00e9ratoc\u00f4ne Chirurgie de la cataracte D\u00e9pistage et traitement des troubles visuels chez l\u2019enfant Suivi des pathologies oculaires chroniques D\u00e9pistage et traitement des troubles visuels chez l\u2019enfant Une bonne vision est essentielle au d\u00e9veloppement global de l\u2019enfant, tant sur le plan scolaire que moteur et social. C\u2019est pourquoi un d\u00e9pistage pr\u00e9coce des troubles [&hellip;]<\/p>","protected":false},"author":1,"featured_media":0,"parent":0,"menu_order":0,"comment_status":"closed","ping_status":"closed","template":"tpl-default-elementor.php","meta":{"footnotes":""},"class_list":["post-2633","page","type-page","status-publish","hentry"],"_links":{"self":[{"href":"https:\/\/drchamadaoudi.com\/ar\/wp-json\/wp\/v2\/pages\/2633","targetHints":{"allow":["GET"]}}],"collection":[{"href":"https:\/\/drchamadaoudi.com\/ar\/wp-json\/wp\/v2\/pages"}],"about":[{"href":"https:\/\/drchamadaoudi.com\/ar\/wp-json\/wp\/v2\/types\/page"}],"author":[{"embeddable":true,"href":"https:\/\/drchamadaoudi.com\/ar\/wp-json\/wp\/v2\/users\/1"}],"replies":[{"embeddable":true,"href":"https:\/\/drchamadaoudi.com\/ar\/wp-json\/wp\/v2\/comments?post=2633"}],"version-history":[{"count":16,"href":"https:\/\/drchamadaoudi.com\/ar\/wp-json\/wp\/v2\/pages\/2633\/revisions"}],"predecessor-version":[{"id":6135,"href":"https:\/\/drchamadaoudi.com\/ar\/wp-json\/wp\/v2\/pages\/2633\/revisions\/6135"}],"wp:attachment":[{"href":"https:\/\/drchamadaoudi.com\/ar\/wp-json\/wp\/v2\/media?parent=2633"}],"curies":[{"name":"wp","href":"https:\/\/api.w.org\/{rel}","templated":true}]}}

Dépistage et traitement

<div data-elementor-type="wp-page" data-elementor-id="2633" class="elementor elementor-2633">
						<section class="elementor-section elementor-top-section elementor-element elementor-element-798c8da8 elementor-section-boxed elementor-section-height-default elementor-section-height-default" data-id="798c8da8" data-element_type="section">
						<div class="elementor-container elementor-column-gap-default">
					<div class="elementor-column elementor-col-33 elementor-top-column elementor-element elementor-element-2af9e35d" data-id="2af9e35d" data-element_type="column">
			<div class="elementor-widget-wrap elementor-element-populated">
						<div class="elementor-element elementor-element-09c81b9 elementor-widget elementor-widget-optcare_sidebar_categories" data-id="09c81b9" data-element_type="widget" data-widget_type="optcare_sidebar_categories.default">
				<div class="elementor-widget-container">
							
        <section class="">
			<div class="col-lg-12 col-md-12 col-sm-12 sidebar-side">
				<div class="service-sidebar mr_40">
					<div class="text">
						<h3>التخصص</h3>
						<p></p>
					</div>
					<ul class="category-list clearfix">
					
							
												<li class="translation-block"><span style="color:white">الجراحة الانكسارية</span></li>
														
												<li><a href="/ar/pediatric-ophthalmology/">القرنية المخروطية</a></li>
														
												<li class="translation-block"><span style="color:white"> جراحة الساد </span></li>
														
												
						<li><a href="/ar/laser-eye-surgery/" class="current">Dépistage et traitement des troubles visuels chez l’enfant
</a></li>
										
													
												<li><a href="/ar/suivi-des-pathologies/">متابعة أمراض العين</a></li>
																			
					</ul>
				</div>
			</div>
        </section>
			 
						</div>
				</div>
					</div>
		</div>
				<div class="elementor-column elementor-col-66 elementor-top-column elementor-element elementor-element-4306b450" data-id="4306b450" data-element_type="column">
			<div class="elementor-widget-wrap elementor-element-populated">
						<div class="elementor-element elementor-element-960408f elementor-widget elementor-widget-optcare_service_one" data-id="960408f" data-element_type="widget" data-widget_type="optcare_service_one.default">
				<div class="elementor-widget-container">
					        <section class="">
			<div class="col-lg-12 col-md-12 col-sm-12 content-side">
				<div class="service-details-content">
					<div class="content-one">
						<div class="text">
							<h2>Dépistage et traitement des troubles visuels chez l’enfant</h2>
							<p>Une bonne vision est essentielle au développement global de l’enfant, tant sur le plan scolaire que moteur et social. C’est pourquoi un dépistage précoce des troubles visuels est primordial dès le plus jeune âge, même en l’absence de plainte apparente.
Les affections les plus fréquentes chez l’enfant sont :
L’amblyopie (œil paresseux)


Le strabisme (défaut d’alignement des yeux)


La myopie, l’hypermétropie et l’astigmatisme


Certaines anomalies congénitales ou génétiques


Un examen ophtalmologique adapté à l’âge permet de détecter ces anomalies dès la maternelle ou avant, idéalement avant 4 à 6 ans, période durant laquelle le traitement est le plus efficace.
Le traitement peut inclure le port de lunettes correctrices, une rééducation visuelle (orthoptie), un traitement de l’amblyopie par occlusion de l’œil dominant, ou encore une intervention chirurgicale dans certains cas de strabisme.
Une prise en charge rapide améliore considérablement le pronostic visuel et évite des troubles persistants à l’âge adulte.
</p>
							<p></p>
						</div>
					</div>
				</div>
			</div>
        </section>
			 
						</div>
				</div>
				<div class="elementor-element elementor-element-589c46d1 elementor-widget elementor-widget-image" data-id="589c46d1" data-element_type="widget" data-widget_type="image.default">
				<div class="elementor-widget-container">
															<img decoding="async" src="http://localhost/optcare/wp-content/uploads/2022/05/service-12.jpg" title="" alt="" loading="lazy" />															</div>
				</div>
					</div>
		</div>
					</div>
		</section>
				</div>
		
    <div class="xs_social_share_widget xs_share_url after_content 		main_content  wslu-style-1 wslu-share-box-shaped wslu-fill-colored wslu-none wslu-share-horizontal wslu-theme-font-no wslu-main_content">

		
        <ul>
			        </ul>
    </div>

<p>Spécialité Chirurgie réfractive Kératocône Chirurgie de la cataracte Dépistage et traitement des troubles visuels chez l’enfant Suivi des pathologies oculaires chroniques Dépistage et traitement des troubles visuels chez l’enfant Une bonne vision est essentielle au développement global de l’enfant, tant sur le plan scolaire que moteur et social. C’est pourquoi un dépistage précoce des troubles [&hellip;]</p>
